 0. Calculate the highest common factor of 33 and i.
3
Let q be (-4)/(-44) - ((-6851)/143 + (0 - 7)). What is the greatest common divisor of 1265 and q?
55
Let u(v) = -1. Let r(g) = -32*g - 34. Let s(y) = r(y) - 6*u(y). Let a be s(-8). Suppose 14*d = 10*d + a. Calculate the highest common factor of d and 228.
57
Let l be -1 + (-634)/(-1) + 73 + -82. What is the greatest common factor of l and 195?
39
Let i = 3562 - 3535. Calculate the highest common divisor of 837 and i.
27
Let n = 12387 + -7025. What is the greatest common divisor of 14 and n?
14
Let w be ((-15)/(-6))/((-6)/(-12)). Suppose 0*c - w*c + 634 = 2*r, 5*c + 4*r - 638 = 0. Calculate the highest common factor of c and 63.
63
Let z(d) = 12*d + 38. Suppose 3*u - 65 = -10*u. Let q be z(u). What is the greatest common divisor of q and 147?
49
Let o(y) = y**2 - 11*y + 2. Let j be o(17). Suppose 1128 = 17*c - 1524. What is the greatest common divisor of c and j?
52
Let t(z) = 2*z**3 + 25*z**2 - 42*z + 18. Let d be t(-14). What is the highest common factor of 7542 and d?
18
Let g(d) = -2*d + 81. Let v be g(39). Suppose 4*u - 858 = v*o, u - o - 22 = 192. What is the highest common factor of 8 and u?
8
Let g be 2/5 - (-4473)/(-45). Let y be (-3)/12 + (g/(-12) - -2). Calculate the highest common factor of y and 310.
10
Suppose 7021 = 20*j + 5*j - 6254. What is the greatest common factor of 1416 and j?
177
Let w(f) = -4*f**3 + 2*f**2 + 6*f + 1. Let h be w(3). Let s = h + 375. What is the greatest common divisor of 19 and s?
19
Let h(l) = 53*l - 401. Let a be h(9). Calculate the highest common divisor of a and 28.
4
Let v(n) = 12 - 38*n**3 + 9*n**2 - 31*n**3 + 68*n**3 + n. Let c be v(9). What is the greatest common divisor of c and 231?
21
Let u(h) = -h**3 + 15*h**2 + 4*h + 8. Let g be u(15). What is the highest common divisor of g and 20?
4
Suppose 185*a - 187*a - 1200 = -5*s, a + 479 = 2*s. Calculate the greatest common factor of 110 and s.
22
Let b(r) = -4*r**3 - 2*r**2 + r. Let l = 53 - 45. Suppose 0 = 2*g - 4*g - l. Let q be b(g). What is the highest common factor of q and 22?
22
Let g(h) = h**3 - 98*h**2 + 14*h - 28. Let o be g(98). Calculate the highest common divisor of 3864 and o.
168
Let y be 65/15 + ((-1)/3 - 0). Suppose d + 7*d = y*d. Suppose d = -2*z + 6*z - 64. Calculate the highest common divisor of 64 and z.
16
Suppose -2*y - 739 = -y. Let z = -498 - y. Suppose 4*p - g - g - 192 = 0, -5*p + z = -2*g. What is the highest common divisor of p and 98?
49
Let k(l) = 0 - 3 + l + 2 + l**2 + l**2. Let u be k(-2). What is the greatest common divisor of 145 and u?
5
Suppose 10*z - 4*z - 24 = 0. Suppose -w + 4*i - z = 0, 3*i = 3*w + 2 + 1. Suppose w = 175*g - 174*g - 13. What is the highest common divisor of g and 52?
13
Let m = 11752 + -11465. What is the greatest common divisor of m and 2?
1
Let b be (102/7)/((-12)/(-42)). Let r be 73/3 - 17/b. What is the highest common divisor of r and 64?
8
Let k(f) = -8*f + 323. Suppose 1326 = 19*u + 15*u. Let l be k(u). Let b be 97 + (-5)/(5/(-2)). What is the highest common factor of b and l?
11
Let t(a) = 18*a**2 + 140*a - 1446. Let b be t(9). Calculate the highest common factor of 1007 and b.
53
Let f(i) = 7*i**2 + 3*i**3 + 19 - 2*i - 2*i**3 - 3*i**2. Let w be f(-5). Calculate the highest common factor of w and 28.
4
Let s(h) = h**2 - 7*h + 1. Let g be s(9). Let q be (-1 + -2)/1 + g. Let l be (12/(-5))/(222/120 + -2). What is the greatest common divisor of l and q?
16
Let n be 2335/3 + 12/(-9). What is the highest common factor of 7 and n?
7
Let j(k) = -97*k + 1997. Let t be j(14). What is the greatest common factor of t and 923?
71
Suppose -63*o - 9*o + 92250 = 78*o. Calculate the greatest common divisor of o and 30.
15
Suppose 4*u = -5*k + 1736, 2*u = -3*k + 1208 - 168. What is the greatest common factor of 8 and k?
8
Suppose -2*l = 2*c, -2*c + 5*l = -c - 18. Let s = 2017 - 1990. What is the greatest common divisor of c and s?
3
Let a(g) be the second derivative of 14*g**3/3 - 76*g**2 + 128*g. Let t be a(9). What is the greatest common factor of t and 60?
20
Suppose 2*z + 5*i + 22 = 234, 4*i + 396 = 4*z. Let o = 105 - z. Suppose 6 - 52 = -o*c + 3*p, -4*c = -p - 50. What is the highest common factor of 117 and c?
13
Let z(m) = m**3 + 10*m**2 + 7*m + 8. Let b be z(-8). Suppose -2*i = -5*w - 35 - 24, -w + b = 5*i. What is the greatest common factor of i and 68?
17
Let n(h) = h**3 + 16*h + 162 + h**2 - 16*h. Let r be n(0). Suppose 72 = 2*b + 5*q - 83, -2*b + 2*q + r = 0. What is the highest common divisor of 10 and b?
10
Suppose -5*b + 1999 = 4*m, -315*b + 1978 = 4*m - 317*b. Calculate the highest common divisor of 176 and m.
16
Suppose -14 = -2*k + 2*i + 2*i, -2*k + i = -23. Suppose -5*y + 133 + 194 = 2*p, -p + 261 = 4*y. Calculate the highest common factor of k and y.
13
Let s(k) = 2*k**2 - 7*k + 11. Let g be ((-10)/8)/(53/(-212)). Let x be s(g). Calculate the highest common divisor of 481 and x.
13
Let a(m) = -m**3 + 9*m**2 - 9*m + 17. Let i be a(8). Suppose 3*r + i*r - 6168 = 0. Suppose 0 = 7*y - r - 11. What is the greatest common divisor of 15 and y?
15
Let b(r) = -r**3 + 19*r**2 + 18*r + 25. Let x be b(20). Let c be (-2)/x - (-7648)/240. What is the greatest common factor of c and 12?
4
Let s = -10 - -37. Suppose -5*t + 152 = 3*i, 3*i + 74 - 271 = 4*t. Suppose 3*l = -i + 383. Calculate the highest common divisor of s and l.
27
Let w = -48 - -43. Let g be 57/95 - (-3)/w. Suppose g*a = r + 5*a - 15, a + 102 = 4*r. What is the highest common divisor of r and 10?
5
Suppose -890065 = -26*a - 7*a - 224653. What is the greatest common factor of a and 284?
284
Let b be (6 - 2)/(12/4206). Suppose 5*a - b = 2*q, 7*q = -3*a + 5*q + 838. What is the greatest common factor of 210 and a?
70
Let g(t) = 4*t**2 + 97*t - 381. Let y be g(-29). Calculate the highest common factor of 50 and y.
10
Let o(x) = 2*x**3 - 6*x**2 + 4*x - 1. Let v be o(5). Let u be 18/(-423) - (-1600)/47. What is the greatest common divisor of v and u?
17
Let g(l) = -l**3 + l**2 - 4*l - 4. Let w be g(-6). Let d be 1*(-560)/3360*(-1)/((-1)/(-96)). What is the highest common factor of d and w?
16
Suppose 2*h = 5*s + 102, 0*s - s + 65 = h. Suppose 0 = 3*m - 8 - h. What is the highest common factor of 253 and m?
23
Let q = -11458 + 11499. Calculate the highest common divisor of 11234 and q.
41
Suppose -5*q + 5195 = 5*u, 183*u - 184*u + 2*q + 1024 = 0. Calculate the greatest common factor of u and 22.
22
Suppose 170*o = -53*o + 8716 + 37445. Let p be 21/(-3)*(-1 + 0). Let y(m) = -m**2 + 10*m + 2. Let h be y(p). Calculate the highest common divisor of h and o.
23
Let o be (560/6)/((-1876)/(-1608)). Suppose -20 = 3*i - 110. What is the greatest common factor of i and o?
10
Let w(j) = -j**3 - 19*j**2 - 11*j - 13. Let m be w(-19). Calculate the greatest common factor of m and 84.
28
Let l(w) = -w**2 - 24*w - 112. Let a be l(-17). Suppose -z + 2*b - 5 = -0*b, 3*b - 8 = z. What is the highest common divisor of z and a?
1
Suppose -4*y = f - 60, 2*f + 3*f + 4*y = 236. Suppose f*r - 35 = 39*r. Suppose 5*h - k - 29 = h, -24 = -3*h + 3*k. What is the highest common factor of h and r?
7
Let x = -515 + 535. Let h = x + -18. Calculate the greatest common factor of h and 50.
2
Let r be (1 + 342/(-4))*(-87 + 15). Calculate the greatest common factor of r and 312.
156
Let h = 1 - 6. Let j(s) = 92*s - 736. Let v be j(8). Let r be (-5)/h + v + 4. What is the highest common factor of r and 10?
5
Suppose -4*q = -2*v + 54, -4*v - 22*q + 24*q + 66 = 0. What is the greatest common factor of v and 43303?
13
Suppose -3*p - 4*y = -24, 6*p - 4*p + 7 = 5*y. Suppose -t + 74 = 2*m, p*m = -t + 58 + 24. Calculate the highest common divisor of 18 and t.
6
Suppose r - 366 - 96 = -3*k, 2*r - k = 938. Calculate the highest common factor of 630 and r.
18
Suppose 0 = -6*u + 9809 - 3131. Suppose -u = -2*s + 5*k, 2193 = -s + 5*s + k. What is the greatest common divisor of s and 9?
9
Let i = -78 + 91. Let y be 684/36*(i + 0). What is the highest common divisor of 19 and y?
19
Let g(b) = 29*b + 8. Suppose 8*t - 10 = 3*t. Let f be g(t). Calculate the highest common factor of 6 and f.
6
Let b(h) = -h**3 + 11*h**2 - 15*h - 24. Let r be b(9). Suppose 4*l = 2*o - 7 - r, 5*o - 9 = 2*l. Calculate the highest common factor of 23 and o.
1